 -4*g - 3*c + 170 = 0. What is the remainder when 41 is divided by g?
0
Suppose -2*w = -22*w - 2*w + 792. What is the remainder when 1114 is divided by w?
34
Let f = 519 - 529. Let z = f + 17. What is the remainder when z is divided by 5?
2
Let u be (-20)/(-130) - (-388)/13. Let g = u + 22. Calculate the remainder when 414 is divided by g.
50
Let q(j) = j**2 + 6*j - 9. Let t be q(-6). Suppose -y = 5*l - 85, y + 4*y + 51 = 3*l. What is the remainder when (-1 - 303/t)*3 is divided by l?
13
Suppose 3*b = f - 320, -36*b + 38*b = -5*f + 1753. What is the remainder when 675 is divided by f?
328
Let o = -3181 - -3190. Calculate the remainder when 49 is divided by o.
4
Suppose 5*x = -o + 19, 2*o - 2*x + 112 = 6*o. Let p be (-896)/(-6) - 2/6. Suppose -3*l + 13 = -p. Calculate the remainder when l is divided by o.
25
Let r be 19 + (261/(-81) - 2/(-9)). Suppose 3*h + 10 = r. Calculate the remainder when ((-140)/(-8))/(h/8) is divided by 24.
22
Let f = 278 + -257. Suppose 3*m + 4*p + p = 29, 3*m = 3*p + f. Calculate the remainder when 23 is divided by m.
7
Let u = -22 - -31. Let s = -7 + u. Suppose s*b + 34 = z - 2*b, -3*b = -12. What is the remainder when 148 is divided by z?
48
Suppose 3*w + 4*n = -22, 4*w - 2*n = -3*n - 12. Calculate the remainder when 137 is divided by 2/(w/(-6)*6/46).
45
Let u = 6611 - 6427. What is the remainder when 15087 is divided by u?
183
Let b = 3405 - 3392. Calculate the remainder when 192 is divided by b.
10
Calculate the remainder when ((-138)/(-36) - 2/6)*(-3612)/(-42) is divided by 21.
7
Let h(u) = -u**3 + 26*u**2 - 66*u + 347. What is the remainder when h(22) is divided by 97?
55
Let i(j) = -2*j**3 - 28*j**2 - 7 - 15 - 16 + 3*j**3 + 29*j. Calculate the remainder when 172 is divided by i(27).
12
Suppose 4*w = 20, 3*k - 3*w - 14 = -4*w. Suppose 4*j = k*r + 53 - 4, -5*j + 4*r = -61. Calculate the remainder when 2 + 48 - (-27)/(-9) is divided by j.
8
Let o = 187 + -137. Suppose 3*s = -7*s + o. Suppose 4*p - c = 76, -4*c - 20 + 94 = s*p. Calculate the remainder when 32 is divided by p.
14
Suppose 16*p + 3*q + 85 = 591, 3*q = 4*p - 134. Let g(k) = k - 6. Let w be g(7). What is the remainder when p is divided by (-2)/(-3)*12 - w?
4
Let k(a) = a**3 + 12*a**2 + 12*a - 6. Let m be k(-11). Let r = -68 - m. Let i = -36 - r. What is the remainder when 58 is divided by i?
13
Suppose 3*r - 4*m - 493 = -5*m, 0 = -r + 2*m + 162. Suppose 0 = 6*a + 130 + r. Let i = a + 108. Calculate the remainder when i is divided by 20.
19
Let f(o) = -103*o + 934. What is the remainder when 54/2 - (1 - 4) is divided by f(9)?
2
Let h = 567 + -900. Let c = h + 647. Calculate the remainder when c is divided by 45.
44
Calculate the remainder when -55*(-7)/77*713 is divided by 508.
9
Let z = 69674 + -69598. Suppose 2*x + 3*v = 157, -v - v + 158 = 2*x. Suppose -a + 3*j = -20, -j - x = -2*a - 2*a. What is the remainder when z is divided by a?
16
Let x = 141 + -65. Calculate the remainder when x is divided by 8*(-8)/2*(-4)/8.
12
Suppose -142 = -4*p + 2*v, 2*v = 2*p - 77 + 5. Let l(a) = -a + 48*a**2 + 54 - 9*a + 0*a - a**3 + 13*a - 2*a. Calculate the remainder when l(48) is divided by p.
32
Suppose -23*z + 10 = -18*z. Suppose -z*a + 3*b = -a - 20, -2*a - 15 = 5*b. Suppose -140 + 0 = -a*u. What is the remainder when u is divided by 6?
4
Suppose -478*g = -461*g - 1649. What is the remainder when 375 is divided by g?
84
Suppose 0 = -72*o - 169*o - 66*o + 1871165. What is the remainder when o is divided by 2029?
8
Suppose -6616 - 3674 = -21*y. Let k = y + -350. What is the remainder when k is divided by 24?
20
Let k(n) = n**2 + 1 - 3 - 13*n + 4*n - 2*n**2. Let h be k(-8). What is the remainder when (-2)/h + (-840)/(-9) is divided by 48?
45
Suppose 5*j = n + 2, 0 = 4*j - 3*n - 4 - 2. Let a = j + 15. Let m = -76 - -120. What is the remainder when m is divided by a?
14
Let i(l) = l**3 - 6*l**2 - 20*l - 7. Let f be i(9). Suppose 2*y = -4*x + 88, -2*x + 5*x = 2*y + 66. Calculate the remainder when x is divided by f/21*63/12.
8
Suppose 24 = -4*d, -33*q - 3*d + 1680 = -31*q. What is the remainder when q is divided by 50?
49
Let v(r) = 4*r**3 - 5*r**2 - 4*r - 33. Let w(k) = -3*k**3 + 6*k**2 + 3*k + 32. Let g(j) = 2*v(j) + 3*w(j). What is the remainder when 339 is divided by g(8)?
35
Let z be (((-2)/5)/(-2))/(519/10380). Calculate the remainder when 111 is divided by (15/z)/((-17)/(-136)).
21
Suppose -3*v = -11 + 5. Let s be (-20)/v - (1 + -4 + -1). Calculate the remainder when 98 is divided by (-3 + (-2)/(-1))/(s/60).
8
Suppose -4581 - 11352 = -70*g - 43*g. Calculate the remainder when 1676 is divided by g.
125
Suppose -3487 = -92*y + 1941. Calculate the remainder when 281 is divided by y.
45
Suppose 10*a - 23*a - 40*a + 4452 = 0. Calculate the remainder when 564 is divided by a.
60
Let f = -50 - -83. What is the remainder when f is divided by 204/66*2 - (-10)/(-55)?
3
Let v(y) = y**2 - 107*y + 2266. Let s be v(78). Let w = 10 + -6. Suppose -8*f + s = -w*f. What is the remainder when 2 is divided by f?
0
What is the remainder when 1510 is divided by 12 + 130/(-11) - 4152/(-33)?
124
What is the remainder when (16/(-24))/(4/(-6)) - (-11088)/99 is divided by 6?
5
Suppose 6*f - 2*z + 86 = 10*f, -4*f = -2*z - 106. Let a(t) = 3*t**2 - t. Let l be (-12)/24*-4*1. Calculate the remainder when f is divided by a(l).
4
Let t = 7305 - 7300. Suppose 0*s = 2*s - 4. Suppose -5*f - 4*a + 23 + 42 = 0, 0 = s*f + 2*a - 26. What is the remainder when f is divided by t?
3
Let k(l) = -6*l + 28. Let g be k(3). Suppose -g*d = -15 - 35. Suppose 2*r = -d*s + 667 + 398, 2*s = 4*r + 426. What is the remainder when s is divided by 55?
48
Let u(o) = o**3 + 40*o**2 - 43*o - 60. Let i be 1 + 2 + 0 + -4. Calculate the remainder when (-79)/(-1) - (i + -1) is divided by u(-41).
15
Suppose -r = 2*o + 7, 15 = -3*r - 2*o + 18. Calculate the remainder when 959 is divided by r.
4
Let h(z) = -22*z + 8. Let r be h(-4). Let c = r + -93. Suppose 3*y + c = 0, y + 3*y = -g + 17. Calculate the remainder when g is divided by 16.
5
Suppose -3*r + 0*r + 411 = 0. Suppose -2*s + 6 = g - 41, -3*s + 18 = 0. Calculate the remainder when r is divided by g.
32
Suppose -5*v = -5*g + 785, 3*g - 364 - 119 = -3*v. Calculate the remainder when g is divided by 4 - ((-1768)/65 + 8/(-10)).
31
Suppose 4*q - 110 - 98 = 0. Suppose 0 = -7*j + 76 + 78. What is the remainder when q is divided by 2/(-2) + (-7)/1 + j?
10
Calculate the remainder when 572 is divided by 29/((-116)/(-252)) + 3.
44
What is the remainder when (8 - 846/12)*(-12)/15 is divided by 26?
24
Let o(r) = -61*r - 112*r - 123*r - 2 + 30*r. Let w be o(-2). Suppose w - 62 = 4*y. What is the remainder when y is divided by 24?
21
Let t(u) = -32*u - 40. Let g be t(17). Let x = -257 - g. Calculate the remainder when x is divided by 33.
30
Let v = 22507 + -20970. Calculate the remainder when 4621 is divided by v.
10
Let a be ((-1)/(-11))/(28/308). What is the remainder when 64 - ((-1)/3)/(a/3) is divided by 16 + -2 + (0 - -3)?
14
Let b = 657 + -211. Let v = -384 + b. Let k = -8 - -21. What is the remainder when v is divided by k?
10
Let g be (-836)/10 - (-2)/(-5). Let a = 63 - g. Let n = a - 94. Calculate the remainder when n is divided by 18.
17
Suppose 2*v + 4*n - 40 = 0, -5*v + 4*n + 50 = -64. Let h = 172 - 113. Calculate the remainder when h is divided by v.
15
Suppose -4*x - 2*g = -570, x - 111 = 9*g - 14*g. What is the remainder when x is divided by ((-10)/(-15))/((-1)/(-6))?
2
What is the remainder when ((0 + 16)/(-64))/(1/(-32)) + 909 is divided by 85?
67
Let h = 13 + -5. Let y be 1 + 4 + (197 - 18). Suppose -y = -17*c + 190. Calculate the remainder when c is divided by h.
6
Let s(b) = -6*b**2 - 66*b - 24. Let k be s(-11). Let i(z) = 2*z**3 + 49*z**2 + 26*z + 56. What is the remainder when i(k) is divided by 2?
0
Suppose 24*d - 109 + 13 = 0. Suppose d*z - 44 = 8. Calculate the remainder when z is divided by 6.
1
Calculate the remainder when 2620 is divided by 528/(-99)*138/(-16).
44
Suppose -4*l + 5*j + 67 = 0, -l + 4*l = 5*j + 49. What is the remainder when 39 is divided by l/(-45) + 128/20?
3
Let r(q) = -6*q - 6. Suppose 9*p + 3208 - 13526 = -145*p. What is the remainder when p is divided by r(-5)?
19
Suppose 0 = -84*v + 1638 + 3318. Suppose -22 + 51 = f. Calculate the rem